{"id":8,"date":"2022-05-22T13:42:04","date_gmt":"2022-05-22T11:42:04","guid":{"rendered":"http:\/\/decorchrom.pl\/?page_id=8"},"modified":"2022-07-12T19:21:50","modified_gmt":"2022-07-12T17:21:50","slug":"strona-glowna","status":"publish","type":"page","link":"https:\/\/decorchrom.pl\/","title":{"rendered":"O nas"},"content":{"rendered":"\n<p>Firma DecorChrom dzia\u0142a na rynku od 2017 r.<br>Pomimo nied\u0142ugiego sta\u017cu mo\u017cemy pochwali\u0107 si\u0119 wieloma wykonanymi projektami.<br>Mi\u0119dzy innymi:<br>restauracja U Kucharzy (Warszawa)<br>restauracja Wall Street (\u0141\u00f3d\u017a)<br>restauracja Farina Bianco (\u0141\u00f3d\u017a)<br>restauracja Tabu Sushi (\u0141\u00f3d\u017a)<br>restauracja Indian Burger (Aleksandr\u00f3w \u0141\u00f3dzki oraz Podd\u0119bice)<br>restauracja Indian Steak (\u0141\u00f3d\u017a)<br>restauracja La Mia Fabbrica (\u0141\u00f3d\u017a)<\/p>\n\n\n\n<p><\/p>\n","protected":false},"excerpt":{"rendered":"<p>Firma DecorChrom dzia\u0142a na rynku od 2017 r.Pomimo nied\u0142ugiego sta\u017cu mo\u017cemy pochwali\u0107 si\u0119 wieloma wykonanymi projektami.Mi\u0119dzy innymi:restauracja U Kucharzy (Warszawa)restauracja Wall Street (\u0141\u00f3d\u017a)restauracja Farina Bianco (\u0141\u00f3d\u017a)restauracja Tabu Sushi (\u0141\u00f3d\u017a)restauracja Indian Burger (Aleksandr\u00f3w \u0141\u00f3dzki oraz Podd\u0119bice)restauracja Indian Steak (\u0141\u00f3d\u017a)restauracja La Mia Fabbrica (\u0141\u00f3d\u017a)<\/p>\n","protected":false},"author":1,"featured_media":0,"parent":0,"menu_order":0,"comment_status":"closed","ping_status":"closed","template":"","meta":{"footnotes":""},"class_list":["post-8","page","type-page","status-publish","hentry"],"_links":{"self":[{"href":"https:\/\/decorchrom.pl\/index.php\/wp-json\/wp\/v2\/pages\/8","targetHints":{"allow":["GET"]}}],"collection":[{"href":"https:\/\/decorchrom.pl\/index.php\/wp-json\/wp\/v2\/pages"}],"about":[{"href":"https:\/\/decorchrom.pl\/index.php\/wp-json\/wp\/v2\/types\/page"}],"author":[{"embeddable":true,"href":"https:\/\/decorchrom.pl\/index.php\/wp-json\/wp\/v2\/users\/1"}],"replies":[{"embeddable":true,"href":"https:\/\/decorchrom.pl\/index.php\/wp-json\/wp\/v2\/comments?post=8"}],"version-history":[{"count":6,"href":"https:\/\/decorchrom.pl\/index.php\/wp-json\/wp\/v2\/pages\/8\/revisions"}],"predecessor-version":[{"id":47,"href":"https:\/\/decorchrom.pl\/index.php\/wp-json\/wp\/v2\/pages\/8\/revisions\/47"}],"wp:attachment":[{"href":"https:\/\/decorchrom.pl\/index.php\/wp-json\/wp\/v2\/media?parent=8"}],"curies":[{"name":"wp","href":"https:\/\/api.w.org\/{rel}","templated":true}]}}